
List the prime factors of 882284.
2, 13, 19, 47
What are the prime factors of 5259837?
3, 11, 159389
What are the prime factors of 3629793?
3, 1209931
List the prime factors of 35373532.
2, 17, 607, 857
What are the prime factors of 2833199?
2833199
What are the prime factors of 535117?
11, 48647
List the prime factors of 191245.
5, 23, 1663
What are the prime factors of 20810?
2, 5, 2081
List the prime factors of 2720850.
2, 3, 5, 11, 17, 97
List the prime factors of 103042.
2, 51521
List the prime factors of 898834.
2, 449417
What are the prime factors of 832023?
3, 193, 479
List the prime factors of 7502399.
7502399
List the prime factors of 3111499.
257, 12107
List the prime factors of 16294591.
16294591
What are the prime factors of 3045?
3, 5, 7, 29
List the prime factors of 185661.
3, 7, 421
What are the prime factors of 3046004?
2, 13, 19, 3083
What are the prime factors of 31562719?
53, 595523
What are the prime factors of 285643?
285643
List the prime factors of 858440.
2, 5, 11, 1951
List the prime factors of 810199.
13, 62323
What are the prime factors of 4511677?
89, 163, 311
List the prime factors of 939758.
2, 469879
What are the prime factors of 4858238?
2, 7, 11, 31547
List the prime factors of 630042.
2, 3, 7, 2143
What are the prime factors of 3042736?
2, 19, 10009
List the prime factors of 291428.
2, 41, 1777
List the prime factors of 33448423.
2741, 12203
What are the prime factors of 624762?
2, 3, 61, 569
List the prime factors of 957866.
2, 7, 13, 19, 277
List the prime factors of 4973151.
3, 607, 2731
List the prime factors of 1185490.
2, 5, 118549
List the prime factors of 2918089.
47, 1321
List the prime factors of 369367.
431, 857
What are the prime factors of 2730391?
389, 7019
List the prime factors of 1407352.
2, 175919
List the prime factors of 979442.
2, 79, 6199
List the prime factors of 1403874.
2, 3, 23, 3391
What are the prime factors of 5416839?
3, 43, 13997
What are the prime factors of 1060149?
3, 193, 1831
What are the prime factors of 15122334?
2, 3, 137, 18397
List the prime factors of 5232120.
2, 3, 5, 59, 739
What are the prime factors of 2654135?
5, 11, 41, 107
What are the prime factors of 198673?
198673
What are the prime factors of 563227?
7, 17, 4733
What are the prime factors of 1535644?
2, 11, 17, 2053
What are the prime factors of 5273808?
2, 3, 17, 23, 281
List the prime factors of 7109895.
3, 5, 13, 19, 101
List the prime factors of 135059.
135059
List the prime factors of 424255.
5, 13, 61, 107
List the prime factors of 1685308.
2, 61, 6907
List the prime factors of 16387459.
11, 1489769
What are the prime factors of 19222613?
59, 325807
What are the prime factors of 14190870?
2, 3, 5, 31, 15259
What are the prime factors of 288894?
2, 3, 89, 541
What are the prime factors of 21016379?
43, 47, 10399
What are the prime factors of 5920645?
5, 1184129
What are the prime factors of 42634?
2, 21317
List the prime factors of 285105.
3, 5, 83, 229
What are the prime factors of 31280725?
5, 7, 37, 4831
What are the prime factors of 14234135?
5, 19, 269, 557
List the prime factors of 5405964.
2, 3, 109, 4133
What are the prime factors of 2184004?
2, 546001
List the prime factors of 188892.
2, 3, 11, 53
List the prime factors of 4597757.
919, 5003
What are the prime factors of 156471?
3, 7, 7451
What are the prime factors of 1225484?
2, 13, 23567
What are the prime factors of 8621430?
2, 3, 5, 89, 3229
What are the prime factors of 177955?
5, 35591
List the prime factors of 541746.
2, 3, 30097
What are the prime factors of 119997?
3, 67, 199
List the prime factors of 64669.
11, 5879
What are the prime factors of 11074102?
2, 13, 97, 4391
What are the prime factors of 176690?
2, 5, 17669
List the prime factors of 1536275.
5, 13, 29, 163
List the prime factors of 2686364.
2, 671591
List the prime factors of 29392461.
3, 7, 466547
List the prime factors of 399362.
2, 233, 857
What are the prime factors of 446694?
2, 3, 74449
List the prime factors of 42407.
42407
List the prime factors of 10459488.
2, 3, 13, 17, 29
What are the prime factors of 1531991?
1531991
List the prime factors of 3474143.
73, 47591
What are the prime factors of 2009145?
3, 5, 17, 7879
List the prime factors of 1713746.
2, 179, 4787
What are the prime factors of 468806?
2, 13, 19, 73
What are the prime factors of 2175637?
37, 127, 463
What are the prime factors of 246770?
2, 5, 24677
What are the prime factors of 174056?
2, 21757
What are the prime factors of 8396080?
2, 5, 7, 11, 29, 47
What are the prime factors of 800211?
3, 359, 743
List the prime factors of 236445.
3, 5, 11, 1433
What are the prime factors of 6228065?
5, 1245613
List the prime factors of 261328.
2, 16333
What are the prime factors of 9832640?
2, 5, 30727
What are the prime factors of 2221065?
3, 5, 7, 11, 641
List the prime factors of 1627975.
5, 65119
List the prime factors of 10080554.
2, 11, 458207
What are the prime factors of 902624?
2, 67, 421
List the prime factors of 14029211.
7, 137, 14629
List the prime factors of 22646755.
5, 797, 5683
What are the prime factors of 5099765?
5, 11, 92723
List the prime factors of 1619948.
2, 11, 3347
What are the prime factors of 16540734?
2, 3, 7, 127, 443
What are the prime factors of 165966?
2, 3, 139, 199
What are the prime factors of 1548999?
3, 109, 1579
List the prime factors of 3504739.
7, 500677
What are the prime factors of 127374?
2, 3, 13, 23, 71
List the prime factors of 4721304.
2, 3, 7, 157, 179
List the prime factors of 488251.
349, 1399
What are the prime factors of 1298486?
2, 7, 137, 677
What are the prime factors of 36616?
2, 23, 199
List the prime factors of 1005236.
2, 47, 5347
List the prime factors of 292868.
2, 211, 347
List the prime factors of 384683.
13, 127, 233
What are the prime factors of 12248164?
2, 59, 51899
What are the prime factors of 2321560?
2, 5, 127, 457
What are the prime factors of 20582561?
20582561
What are the prime factors of 1756539?
3, 67, 971
What are the prime factors of 600079?
503, 1193
What are the prime factors of 349239?
3, 11, 19, 557
What are the prime factors of 991415?
5, 23, 37, 233
What are the prime factors of 3570578?
2, 11, 17, 9547
What are the prime factors of 183433?
53, 3461
What are the prime factors of 59165?
5, 11833
What are the prime factors of 149313?
3, 71, 701
List the prime factors of 143079.
3, 37, 1289
What are the prime factors of 4316538?
2, 3, 17, 101, 419
List the prime factors of 127857.
3, 17, 23, 109
What are the prime factors of 109503?
3, 23
List the prime factors of 25687840.
2, 5, 31, 5179
List the prime factors of 58254.
2, 3, 7, 19, 73
List the prime factors of 1988580.
2, 3, 5, 11, 23, 131
List the prime factors of 14934386.
2, 61, 163, 751
What are the prime factors of 3902247?
3, 281, 1543
What are the prime factors of 12375360?
2, 3, 5, 4297
What are the prime factors of 1506844?
2, 449, 839
List the prime factors of 314282.
2, 157141
List the prime factors of 18973350.
2, 3, 5, 11, 3833
What are the prime factors of 10246851?
3, 379513
What are the prime factors of 15660481?
1621, 9661
List the prime factors of 11470.
2, 5, 31, 37
What are the prime factors of 5252787?
3, 409, 1427
List the prime factors of 299313.
3, 7, 4751
What are the prime factors of 3167?
3167
List the prime factors of 380434.
2, 37, 53, 97
What are the prime factors of 211718?
2, 13, 17, 479
What are the prime factors of 1192703?
17, 4127
List the prime factors of 6476530.
2, 5, 19, 89, 383
What are the prime factors of 184458?
2, 3, 71, 433
What are the prime factors of 71684?
2, 17921
What are the prime factors of 843497?
843497
List the prime factors of 126601.
126601
List the prime factors of 1301069.
7, 11, 61, 277
What are the prime factors of 117146?
2, 58573
What are the prime factors of 472352?
2, 29, 509
List the prime factors of 6313955.
5, 487, 2593
List the prime factors of 4489131.
3, 41, 36497
What are the prime factors of 519082?
2, 53, 59, 83
What are the prime factors of 153337?
153337
List the prime factors of 5374456.
2, 23, 29209
List the prime factors of 17866312.
2, 73, 30593
What are the prime factors of 2729131?
157, 17383
What are the prime factors of 119174?
2, 11, 5417
What are the prime factors of 584950?
2, 5